- 2*l + 35 = 4. Suppose -w*v - 27 = -137. What is the units digit of v?
2
Let d(r) = r**2 - 2*r - 1. Suppose q - 4 - 1 = 0. What is the units digit of d(q)?
4
Let a = -181 + 264. Suppose -t = 3*t + 4*x - 108, 0 = 3*t + 5*x - a. What is the units digit of t?
6
Let y(d) = d**2 - 6*d + 15. What is the hundreds digit of y(17)?
2
Suppose -r + 118 = -17. What is the units digit of r?
5
Suppose 3*v = 5*s - 25, 19 = 3*s + 2*v - 3*v. What is the units digit of s?
8
What is the tens digit of 141 + (-9)/((-36)/(-8))?
3
Let i be 2/2 - 23*-1. Suppose i = 3*a - 0*a. Suppose 7*x - a = 3*x. What is the units digit of x?
2
Suppose o - 150 = -4*s, -2*o - 2*o + 567 = 5*s. What is the units digit of o?
8
Suppose -3*m + 0*f + 5 = f, -4*f = -20. Suppose -3*q + 4*q = m. Suppose q = -5*l - 21 + 86. What is the tens digit of l?
1
What is the units digit of (-6)/39 - 212/(-26)?
8
What is the units digit of 10 + -1*(-2 + 2)/(-4)?
0
Let v = 9 - 9. Let p be (1 - v) + -1 - -2. What is the tens digit of 4*(-21)/(-6) + p?
1
Let h = 3 - 7. Let t = 6 + h. Let w(b) = 2*b**2 - 3*b + 2. What is the units digit of w(t)?
4
Suppose 3*v = 7*v + 84. Let l = 29 + v. What is the units digit of l?
8
Let w = 19 - -11. What is the units digit of w?
0
Let d(c) = -5*c - 7. Let p be d(-5). Suppose n - p - 7 = -3*q, 5*q + 5*n - 35 = 0. What is the units digit of q?
9
Suppose 0 = 2*o - 0*a - 4*a - 50, -3*o = -a - 85. What is the tens digit of o?
2
Suppose -2*p + j = 3, 3*p + 7 = 5*j - 8. Suppose 3*i + 4*b - 15 = b, 4*i - 4*b - 60 = p. What is the tens digit of i?
1
Suppose -3*h - 5 = 5*m, 0 = -m - h - h - 8. Let s be (-10)/(-4)*(0 + m). Suppose -2*d + 2*c = -d + 5, s*d + 5*c - 35 = 0. What is the units digit of d?
3
Let x(c) = 0*c**2 - 6*c**2 + 1 - c + 6*c + 2*c**3 - c**3. What is the units digit of x(5)?
1
Suppose 0 = -3*k - 2*k + 20. Suppose k*s - 45 = s. Suppose -3*z + 4*v + 4 = -2, -3*z = -v - s. What is the units digit of z?
6
Let s be (2/(-4) + 2)*28. Suppose s = 5*k + 3*z, k + 3*z + 2*z - 4 = 0. What is the units digit of k?
9
Suppose 4*o - 232 = g, -3*o + 126 = -o - 3*g. What is the units digit of o?
7
Suppose 3*s + 5*j = 245, 2*s + 3*j + 213 = 5*s. What is the units digit of s?
5
Let h be 453/7 - 6/(-21). Suppose -1 = 4*g - 17. Suppose 3*a - 55 = -g*s, -4*s + 0*a = 5*a - h. What is the units digit of s?
0
Let c(o) = o**3 - 5*o**2 - o + 7. Let m be c(5). Let h(y) = 1 + 3 - m*y**3 + y**3 - 7*y**2. What is the units digit of h(-7)?
4
Let b = 7 + -2. Let f = b + -3. Suppose 0 = -i + f + 1. What is the units digit of i?
3
Let t(s) = -s**3 + 10*s**2 + 2. Let u be t(10). Let m(a) = -4*a**2 - 9*a + a**u + 0*a**2 + 3 + 5*a**2. What is the tens digit of m(6)?
2
Let v(n) = 31*n**2 - 7*n - 5. Let p(k) = 16*k**2 - 4*k - 3. Let l(u) = -5*p(u) + 3*v(u). What is the units digit of l(-1)?
4
Suppose -3*n + 8 = -4, 5*w = -5*n + 1005. What is the units digit of w?
7
Let i be (5 - 3) + 3/1. Suppose -4*g - 2*f + 52 = -g, 0 = -4*g + i*f + 54. Suppose z = -3*j + g, j + 0*j = -5*z + 10. What is the units digit of j?
5
Let i(m) = 4*m + 130. What is the units digit of i(0)?
0
Let v = 27 + -29. What is the units digit of v - (1 + -2*16)?
9
Suppose 8 = t + t. Let k = 28 - t. What is the tens digit of k?
2
Suppose -4*s + 1036 = 2*y, -y + 610 - 1891 = -5*s. What is the hundreds digit of s?
2
Suppose 0*p + 5*m = -3*p + 85, -3*p - 3*m + 75 = 0. Suppose 4*u + p = 3*g, -g - 2*g + 26 = 2*u. What is the units digit of g?
8
What is the tens digit of 20/3*144/20?
4
Let h(i) = i**2 - 5*i + 12. Let z be h(8). Suppose 3*c = c + z. Let u = -11 + c. What is the units digit of u?
7
Suppose -5*m - 590 = -5*n, 2*m - 4 + 0 = 0. Suppose -5*q = n - 40. Let g = q + 25. What is the units digit of g?
9
Let a(f) = 2*f - 6 + 3 + 4 + 2. What is the tens digit of a(4)?
1
What is the units digit of (-3)/24 + 1563/24?
5
Suppose -20 = -4*a, 0 = 2*r - 4*a + 5 + 3. Suppose 0 = -y - r. What is the units digit of (-2)/(y/21) - 0?
7
Let h = 24 + -14. Suppose 9*w = 4*w + h. Suppose -3*y + 3*n = -9, 5*y + w*n + 4 - 19 = 0. What is the units digit of y?
3
Suppose -9 = -3*x - 0. Let y = x - 1. What is the units digit of y?
2
Let i(x) = x**2 + x - 3. Let d be i(-3). What is the units digit of d/(5/(-4) + 2)?
4
Let p = 78 - 72. What is the units digit of p?
6
Let m = 8 + 4. Suppose -5*c + m = -58. What is the units digit of c?
4
Let l = 0 - -1. Suppose x + 2 = 9. Let b = x - l. What is the units digit of b?
6
Let s = 6 + -7. Let r be (5 - -2)/((-1)/s). Let g = -6 + r. What is the units digit of g?
1
What is the tens digit of 60/(-9*(-3)/18)?
4
Let i(u) = 4*u + 24. What is the units digit of i(10)?
4
Suppose -b + 20 = 3*c - 9, 0 = 2*b + 3*c - 49. What is the units digit of b?
0
Let v(p) = -p**3 - 3*p**2 - p + 1. Let t be v(-3). Let j(n) be the second derivative of n**5/20 - n**4/4 - n**3/2 + n**2 - 3*n. What is the units digit of j(t)?
6
Let b(m) = 11*m**3 - m**2 - m + 1. Let s be (2/(-2))/(-4 - -3). What is the units digit of b(s)?
0
Let a be (0 - (-2)/4)*10. Suppose -4*x - 5*p + 22 = 0, a*x - 2*p - 44 = -0*x. What is the units digit of x?
8
Suppose -3*l + 5*l - 4 = 0. Suppose -l*z - 12 = -4*x, -3*z = -7*z - 8. What is the units digit of x?
2
Suppose 3*q + 2*q = 0. Suppose -4*o = 3*l - 8, -3*o + 6*o + 12 = q. Let j = l + -4. What is the units digit of j?
4
Suppose 3*g + 0*g - 12 = 0. Let p be 21 - (-1 + 1 + 12/3). Suppose 0 = -g*t + 23 + p. What is the tens digit of t?
1
Let d(s) = 3*s + 3. Let m be d(2). Let f(c) = -c**3 + 10*c**2 - 8*c + 9. What is the tens digit of f(m)?
1
Suppose 4*v = -4*b - 4, 0 = -3*v + 5*b + 9 + 4. What is the tens digit of (-12)/(-1) - (v + 0)?
1
Let d(j) = j - 4. Let w be d(9). Suppose -w*r + 42 = -123. What is the units digit of r?
3
Suppose 336 = 4*l - 4*z, -4*l + 4*z = 2*z - 330. What is the tens digit of l?
8
Let r(b) = -b**3 + 7*b**2 + 5*b. What is the units digit of r(4)?
8
What is the hundreds digit of (3 + (-42)/10)/(21/(-6860))?
3
Let o = 37 + -8. What is the units digit of o?
9
Let k(a) = 3*a + 8. Let x be k(-6). Let c = 13 + x. What is the units digit of c?
3
Suppose -s + 19 = -1. What is the units digit of s?
0
Let f = 0 + 3. Suppose c = 8 - f. What is the units digit of c?
5
What is the tens digit of 15 - (1 + -1 + 2)?
1
Let w = 10 - 5. Let c = 3 - w. What is the units digit of 3 + 2/(-4)*c?
4
Let u(h) = h**3 - 4*h**2 + 4*h. Let o be (8 + -2 - 0)/2. Let v be u(o). Suppose -v*y - l + 0*l + 7 = 0, 2*l + 26 = 4*y. What is the units digit of y?
4
Let w(p) = -28*p**3 + 2*p**2 - 2*p - 4. What is the tens digit of w(-2)?
3
Let y be (-15)/(-4) - (-2)/8. Let w be -2 + (1 - -1) + y. What is the units digit of ((-2)/w)/((-1)/2)?
1
What is the tens digit of -2 + (-4)/(-24) + 682/12?
5
Let z(v) = 0*v**3 - v**3 + 0*v + 1 - v**2 + 0*v**3 + 2*v. What is the units digit of z(-2)?
1
Suppose 5*p + 3 = 13. Let c be (-3 + (-8)/(-2))*-16. What is the units digit of (1*-1)/(p/c)?
8
Let l(i) = -2*i + 27. What is the units digit of l(-11)?
9
Let f(q) = q**2 - 11*q + 6. Let p be f(12). What is the units digit of (-1)/(-3) - (-840)/p?
7
Let k(o) = -o + o**2 + o - 5 + 10. Let j(s) = -s - 3. Let b be j(-3). What is the units digit of k(b)?
5
What is the units digit of (-8)/(4 - 2) + 132/3?
0
Let o = -1 + 1. Suppose 2*b + o = 8. What is the units digit of b?
4
Let j(d) = -3*d - 6 + d + 1 - d. What is the tens digit of j(-7)?
1
Let m(x) = 3*x**2 + 3*x - 1. Let t be m(3). Suppose -3*f = -y - y - 1, -5*f = 5*y - t. Let h = f + -2. What is the units digit of h?
1
Let c(f) = f - 7. Let g be c(6). What is the units digit of (-23 - -7)*2/g?
2
Let g(p) = -p**3 + 3*p**2 + 2*p - 1. Let u be g(3). Suppose 2*j = -3*c + 73, -u*c + 4*j + 21 + 64 = 0. What is the tens digit of c?
2
Suppose 905 = 5*f - 5*b, 42 = 5*f - 4*b - 858. What is the tens digit of f?
7
Let n(j) = 2*j**2 + 3*j - 4. Suppose -2*l = 9 - 3. Let f be n(l). Let m = 17 - f. What is the units digit of m?
2
Let y = -26 - -46. What is the tens digit of y?
2
Let a(c) = c - 11. Let y be a(11). Suppose y*s + 16 = 2*s. What is the units digit of s?
8
Let p = -7 - -5. Let w be 1/(p*(-2)/16). Suppose 0 = w*u - 12, -4*v + 3*u = -5 - 2. What is the units digit of v?
4
Let w be -2 + (-4)/(2/(-1)). Suppose -3*g + 2*k = -w*k - 65, -g = 3*k - 29. What is the units digit of g?
3
Let b = 7 - 5. What is the 